s + 2*w + c. Calculate the highest common divisor of s and 144.
16
Suppose -4*o = -o - 6. Suppose -v - o*v = -27. Suppose -4*x = -v*x + 80. Calculate the greatest common factor of x and 80.
16
Let a(t) = -t + 6. Let n be a(-9). Let i = n + 18. Suppose -66 = 14*c - 20*c. What is the greatest common factor of i and c?
11
Let c(m) = -18*m - 582. Let w be c(-33). Suppose y = 3*y - 4. What is the greatest common factor of w and y?
2
Let j(v) = -19*v + 12. Let a be j(-15). Suppose 7*l = 16*l - a. What is the highest common factor of 132 and l?
33
Let s(w) = -w + 14. Let b be s(-9). Let v = -5 + 1. Let y be (v/6)/(4/(-138)). What is the highest common factor of y and b?
23
Suppose m = 4*b - 317, -m - 1 = -b + 76. Let n = -2076 - -2086. Calculate the highest common divisor of b and n.
10
Let n = 5 + -15. Let a be (n - (-1 + 1)) + 1. Let d(c) = -9*c. Let z be d(a). What is the highest common factor of z and 54?
27
Suppose 5*a - 276 = r, a = r + 35 + 17. What is the greatest common factor of 350 and a?
14
Suppose 2*s - 14 = b, 2*s - 4*b - 30 = b. Calculate the greatest common factor of s and 175.
5
Let q = -73 + 235. What is the greatest common divisor of q and 126?
18
Let n = -62 - -66. Suppose -4*v + q = -135, -n*v + 3*q = 4*q - 137. What is the greatest common factor of 51 and v?
17
Let d(g) = 7*g**3 + g**2 - 12*g - 4. Let j be d(6). What is the highest common factor of j and 92?
92
Let j(h) = 5*h**2 + 7*h. Let z be j(-7). Let b = 360 + -332. Calculate the greatest common divisor of z and b.
28
Let n be -2 - (-45)/18 - 1367/(-2). Calculate the highest common divisor of n and 152.
76
Let h be 4/(-14) - (-114)/7. Suppose -5*g - 4*c = -380, -2*g + 3*g - c = 85. Calculate the greatest common factor of h and g.
16
Suppose -2*k + 5*n = -278, 0 = 10*k - 14*k - 3*n + 582. Calculate the greatest common factor of 99 and k.
9
Let r = 60 + -51. What is the greatest common divisor of r and 42?
3
Let l = 498 + -474. What is the highest common divisor of l and 16?
8
Suppose 0 = -a + 1, -a = -d + 16 - 1. Let t be 657/4 - 4/d. Calculate the highest common factor of 41 and t.
41
Let q(m) = -m - 2. Let y = -12 - -28. Suppose 0 = 4*g - 6*g - y. Let u be q(g). What is the highest common divisor of u and 3?
3
Let y be (-6314)/(-84) - 2/12. Let b be (-1*(3 - 6))/1. Suppose 3*c = -b*s + 63, -2*s - 62 = -2*c + s. What is the greatest common factor of y and c?
25
Let u(k) = 19*k**3 + k**2 + k + 1. Let x be u(-1). Let h be (-310)/x + (-20)/90. Calculate the highest common divisor of h and 68.
17
Let a be 4 + 0 - 4/4. Suppose -8 = a*r - 107. Let o(n) = n**2 - 3*n - 7. Let v be o(6). What is the highest common divisor of r and v?
11
Let h(w) = 49*w**3 - w. Let q be h(1). Calculate the greatest common divisor of 208 and q.
16
Suppose -20*u - 2320 = -11760. What is the greatest common divisor of 59 and u?
59
Suppose -6984 = -76*q + 8. Calculate the greatest common factor of 690 and q.
46
Suppose -18*c - 5*z - 1880 = -23*c, 4*z = -4. What is the greatest common divisor of c and 150?
75
Let s = -321 + 391. What is the highest common factor of 42 and s?
14
Suppose -2000 = 905*l - 925*l. Calculate the greatest common divisor of l and 850.
50
Let g be 3/4 - ((-49)/(-28) - 3). Suppose w - 18 = -m + g*m, 3*w - 29 = -2*m. Calculate the greatest common divisor of 117 and w.
13
Let z(b) = 129*b**2 - 5*b + 4. Let j be z(1). Suppose 17*n - j = 13*n. Calculate the greatest common divisor of 320 and n.
32
Let m be (37 - 1)*(-85)/(-510). What is the highest common factor of 218 and m?
2
Let q be -3 - (-10 + -3 + -4). Let s be (-465)/(-35) + (10/q - 1). Calculate the greatest common factor of 117 and s.
13
Let o = -12 - 23. Let b = -25 - o. Suppose -5*v = b, -4*c - 14 = -5*c + 2*v. Calculate the greatest common divisor of c and 15.
5
Suppose 51 = -0*q - 3*q. Let y = -2 - q. Let v(l) = l + 165. Let b be v(0). Calculate the greatest common divisor of y and b.
15
Suppose 2*d = -2*z + 38, 2*z - 3*d = -3*z + 103. Calculate the greatest common factor of 20 and z.
20
Suppose -2*c + 36 = -s - 146, -477 = -5*c - 3*s. Suppose 4*m - 6 = 2. Let n be (-268)/(-8) - m - (-2)/(-4). What is the highest common divisor of n and c?
31
Let j be ((-2)/(-4))/(8/2640). Let i be 1 - 1/((-3)/j). What is the greatest common divisor of 14 and i?
14
Let r be (1/(4/(-20)))/(-1). Suppose -r*f = -8*f - 6, -2*k + 54 = 2*f. What is the highest common divisor of 29 and k?
29
Suppose 0 = -i + 5 + 4. Let j be 43 + 5/(-15)*-6*1. Calculate the highest common divisor of j and i.
9
Let r be (((-4)/(-6))/(-2))/(10/(-4050)). Let o = -31 - -46. Calculate the highest common divisor of o and r.
15
Let d(f) = -f**3 + 9*f**2 - 13*f + 1. Let k be d(2). What is the highest common factor of 33 and k?
3
Let k be (-4 + (4 - -2))*(-5)/(-2). What is the highest common factor of 120 and k?
5
Suppose 187 = 5*v - 213. Let g be (-1*(0 + 0)/(-2))/(-1). Suppose -23*d + 24*d - 10 = g. Calculate the greatest common factor of v and d.
10
Let a = 369 + -342. Calculate the greatest common factor of 333 and a.
9
Let q be ((-38)/10 + 3)*(-15)/2. Calculate the greatest common divisor of q and 46.
2
Suppose 0 = 8*l - 54 - 10. What is the greatest common divisor of l and 8?
8
Let b = -2 - -11. Suppose h + 2*h = -126. Let f = -6 - h. Calculate the greatest common factor of f and b.
9
Let k be (1 - 1)*(3 - 2). Suppose 4*j - 2*j - 260 = k. What is the highest common divisor of 26 and j?
26
Let c(z) = 4*z**2 - 9 - z + 1 - 3*z**2. Let x(o) = o - 9. Let r be x(2). Let g be c(r). What is the highest common factor of g and 32?
16
Suppose -3*p + 135 = 3*f, 90 = 4*p - 2*p - 2*f. Suppose 0 = -4*d - p - 35. Let b be ((-12)/10)/(d/450). What is the highest common factor of b and 9?
9
Let o(i) = 3*i - 5. Let q be o(2). Let z(u) = 5*u**2 - 3*u + 2. Let f be z(q). Calculate the highest common divisor of f and 10.
2
Let c = 103 + -80. What is the greatest common divisor of 115 and c?
23
Let p = -68 - -158. What is the highest common divisor of 5 and p?
5
Let t be -6 - (1 + 3 + -20) - -6. What is the greatest common factor of 8 and t?
8
Suppose -20*d = -17*d + 3, d = -m + 47. Calculate the greatest common divisor of m and 16.
16
Let f = 5 + 2. Let j(y) = -y**2 - 8*y + 38. Let q be j(-11). Suppose -160 = -3*w + p - 5*p, 5*w - 270 = -q*p. Calculate the highest common factor of f and w.
7
Let b be (130/15)/(5/(30/4)). Suppose -b*i + 273 = -6*i. What is the highest common factor of i and 3?
3
Suppose c + 9 = 3. Let r be (-1)/c + (-3247)/(-102). Calculate the greatest common divisor of 4 and r.
4
Let z(b) be the third derivative of b**4/24 + 9*b**3/2 - 34*b**2. Let j be z(-19). Calculate the greatest common factor of 20 and j.
4
Let l = -58 - -64. Suppose -18 = -0*n - 3*n. Let w = n + l. Calculate the greatest common divisor of w and 60.
12
Let d be (-10 + 1)*4/(-3). Let i(l) = 4*l**2 - 3*l - 1. Let s be i(-2). Let g = 105 - s. Calculate the greatest common factor of g and d.
12
Let r = -20 + 24. Let g = -25 + 4. Let o = 11 - g. What is the greatest common divisor of o and r?
4
Let r be (-2)/(-4)*(-1 + -109). Let b = r - -56. What is the greatest common divisor of 11 and b?
1
Let i be 2 + 2 + (-2 - -142). Suppose 2*o - 6 = 0, o - 4 = 4*d - 3*o. Suppose -3*x + 2*x - b + 16 = 0, 0 = d*b. Calculate the greatest common factor of i and x.
16
Let n(r) = -r**3 + 37*r**2 - 131*r + 17. Let g be n(33). Suppose -2*s + 9 = -11. Calculate the greatest common divisor of g and s.
10
Let g be (-81)/72 + 1/8. Let b be (-9 + (3 - g))/(3 - 4). Calculate the highest common divisor of b and 15.
5
Suppose -7*t - 72 = -170. Calculate the highest common factor of t and 63.
7
Let q be (0 - 90)/((-3)/3). Suppose -2*r + 240 = 4*j, j + 0*j - 243 = -2*r. Let p = 182 - r. Calculate the greatest common factor of p and q.
30
Suppose 0 = -q - 5*y - 14, -4*q + 80*y + 28 = 79*y. Let d be 2/(-3) - 110/6. Let k = -13 - d. Calculate the greatest common factor of q and k.
6
Suppose -7*t + 384 = -3*t. Let n = 38 - -10. Suppose 16*f - 12*f - n = 0. What is the highest common factor of f and t?
12
Suppose -2*n + 4*d = -252, 3*n + 7*d = 2*d + 422. Let p = n - 65. Calculate the greatest common divisor of p and 46.
23
Let c = -86 + 116. What is the highest common divisor of c and 36?
6
Let l be 4 - 2 - (-75 + (12 - 7)). Calcula